ded by w(1)?
25
What is the remainder when 81 is divided by (-6)/3 - (0 - 23)?
18
Suppose g = -1 - 0. Let m(a) = 5*a**2 + 1. Let x = -6 - -10. Calculate the remainder when m(g) is divided by x.
2
Let l = -146 + 218. What is the remainder when l is divided by 20?
12
Suppose 3*x + 2*x - 2*h - 24 = 0, -2*x - 2*h + 18 = 0. Suppose -10 = -g - 4*g. What is the remainder when x is divided by g?
0
Let p = -10 - -17. What is the remainder when p is divided by 5?
2
Let b be (3/9)/((-3)/(-9)). Let r = b - -11. Suppose -4*d = -2*i + 78, 6*i = 2*i + 5*d + 168. What is the remainder when i is divided by r?
11
Suppose 4*k - 2*k = 8. Suppose -n + 365 = k*n. Suppose -5*s + n = 13. What is the remainder when 23 is divided by s?
11
Let v(a) = -2*a - 2. What is the remainder when 22 + 4/8*-8 is divided by v(-6)?
8
Suppose -3*i + 6 = 0, -5*v = 4*i + 19 - 77. Let h = 23 - 7. Let g = h - v. What is the remainder when 16 is divided by g?
4
Calculate the remainder when (-21)/18*21*-2 is divided by 25.
24
Let x be 5 - (6/(-2) - -4). Suppose 15 = -3*v, -r + x*v = 13 - 74. Let s = -4 + 18. What is the remainder when r is divided by s?
13
Suppose 6 = 4*i - 2. Suppose i*n = -n + 177. Calculate the remainder when n is divided by 20.
19
Suppose a + 4*f - 52 - 23 = 0, 0 = -a - 5*f + 80. Calculate the remainder when a is divided by 14.
13
Suppose 4*w - 4*t - 120 = 0, -6*w + 5*t + 125 = -2*w. Calculate the remainder when w is divided by 13.
12
Let p(w) = w**3 - 3*w**2 - 4*w. Calculate the remainder when p(5) is divided by 16.
14
Let u = 139 - 72. Calculate the remainder when u is divided by 4/(-18) + (-1085)/(-63).
16
Let q be 116 + -2 + 1 + 2. Suppose -4*g + q = 2*y - 3*g, -3*y - 2*g = -175. What is the remainder when y is divided by 15?
14
Suppose 5 = 4*j - 7. Suppose 4*i = 2*c - 1 - 13, 5*c + 40 = -5*i. Calculate the remainder when j is divided by (5 + (c - -2))/2.
1
Let v(h) = -h**2 + 8*h + 8. Suppose 5 = m - 0. Suppose 3*x = -5*n + 1, m*x + 2*n - 8 = 19. What is the remainder when v(x) is divided by 4?
3
Let c(l) be the third derivative of l**5/60 + l**4/8 - 7*l**3/6 - 3*l**2. Calculate the remainder when 9 is divided by c(-5).
0
Let n(g) = 2*g**2 + 4*g + 1. Calculate the remainder when n(3) is divided by 8.
7
Suppose -12 = -5*x + x. Suppose 0 = -x*t + 8*t - 5. Suppose -4 = -5*k + 6. Calculate the remainder when k is divided by t.
0
Let w = 8 + 133. What is the remainder when w is divided by 48?
45
Suppose o + 5*y = 6*o - 110, 2*y = -5*o + 145. What is the remainder when o is divided by 15?
12
Suppose -5*o = -2*o - 78. Suppose -5*w - 4 - 4 = m, -4*w - 2*m - 4 = 0. What is the remainder when o is divided by w + 2 + (8 - -1)?
8
Suppose 27 = 4*x + 5*f - 17, 55 = 5*x + 2*f. What is the remainder when x is divided by 4?
3
Calculate the remainder when 117 is divided by (9/7 - (-12)/(-42))*40.
37
Let k = 0 - -103. Calculate the remainder when k is divided by 21.
19
Let l(n) = 6*n**2 - 11*n + 20. Let i(a) = 7*a**2 - 10*a + 21. Let p(r) = 5*i(r) - 6*l(r). What is the remainder when p(12) is divided by (-3)/(-2)*6/1?
6
Let c(l) = l**3 + 6*l**2 - 8*l - 7. Let q be c(-7). Suppose q = -4*s + 16 + 28. Calculate the remainder when s is divided by 8.
3
Let d(f) = 16*f**3. Let y(b) = -3*b. Calculate the remainder when d(1) is divided by y(-2).
4
Let l = 3 - 10. Let f = 10 + l. Suppose 2*x + 32 = z - 39, -f*z = 2*x - 197. Calculate the remainder when z is divided by 23.
21
Let m = 30 + 10. Let a = m - 6. Suppose -24*n = -26*n + 24. What is the remainder when a is divided by n?
10
Calculate the remainder when (-11)/((-44)/288) - -1 is divided by 22.
7
Suppose 3*n - 6 = 0, 5*w + 4*n = -0*w + 393. Calculate the remainder when w is divided by 26.
25
Suppose 3*c - 42 = -0*c + 3*a, 2*a = c - 14. Let y be 3 - 162/(-2 - -4). Let z = -38 - y. Calculate the remainder when z is divided by c.
12
Suppose -1 - 5 = -v. Calculate the remainder when v is divided by 4.
2
Suppose -f + 6*f - 35 = 0. Let c be 3/(-12) - 1/(-4). Suppose c = z - 0*z - 13. Calculate the remainder when z is divided by f.
6
Let w be 200 + 4/(-2) + 1. Suppose 4*j = m + w, 4*m - 135 = -3*j - 0*m. What is the remainder when j is divided by 25?
24
Suppose -2*v - 22 = -4*o, 3*o + 2*v - 14 = v. Suppose o*x + 31 - 236 = 0. Calculate the remainder when x is divided by 14.
13
Let q(t) = -t**3 - 5*t**2 + 5*t - 1. Let d = 47 - 34. Calculate the remainder when d is divided by q(-6).
3
What is the remainder when 19 is divided by (-3)/(-2) - 7/(-2)?
4
Suppose 3*z - 54 = 5*i, -1 = -z + i + 15. What is the remainder when 140 is divided by z?
10
Let h(p) = -p - 4. Calculate the remainder when 50 is divided by h(-17).
11
Suppose 0 = -n + 3*b + 23, -3*n + 5 = -4*n - 4*b. What is the remainder when 18 is divided by n?
7
What is the remainder when (-292)/(-6)*(-33)/(-22) is divided by 19?
16
Calculate the remainder when 22/3 - (-2)/3 is divided by 3.
2
Suppose 4*r + 15 = 5*r. Calculate the remainder when 41 is divided by r.
11
Let u(g) = 33*g. Let a be u(2). Suppose a = 4*i + 2*i. What is the remainder when 42 is divided by i?
9
Let n = -25 - -28. Calculate the remainder when 10 is divided by n.
1
Suppose 5*a = 5*u + 50, 2*a + 3*a - 23 = -4*u. What is the remainder when 9 is divided by a?
2
Calculate the remainder when (12 + -11)/(1/55) is divided by 29.
26
Suppose 0 = q - 16 + 8. Let o(z) = -3*z + 2. What is the remainder when o(-4) is divided by q?
6
Let v(y) = -y**3 - 10*y**2 - 19*y - 11. Calculate the remainder when v(-8) is divided by 8.
5
Let a = -24 - -35. Suppose -233 = -5*g - 8. Suppose 4*l - 3*x = 65, 2*l - x = -2*x + g. What is the remainder when l is divided by a?
9
Suppose -8 = -17*x + 21*x. Let l = x + 17. What is the remainder when l is divided by 6?
3
Let j(r) = -r. Let q be j(10). Let x(k) = -k**3 - 10*k**2 - k + 11. What is the remainder when 61 is divided by x(q)?
19
Suppose 5*n + 20 = 0, -4*w + 5*w - 5*n - 43 = 0. Let z = 83 - 16. Calculate the remainder when z is divided by w.
21
Suppose 5*t = 4*t + 5. What is the remainder when t is divided by (-1)/2 + 9/2?
1
Let a = -52 + 103. Suppose 5*y - a = 99. Suppose -u - 48 = -4*u. Calculate the remainder when y is divided by u.
14
Suppose -2*a + 9 + 35 = 0. Let c(v) = 4*v. What is the remainder when a is divided by c(3)?
10
Let y be ((-1)/(-1) + 0)*0. Let l(g) = -g + 0*g**2 + 23 + g**2 - 2*g**2 + 2*g**2. Calculate the remainder when l(y) is divided by 12.
11
Let o be 2 - (-3 + 0 + -1). Let f = o + -5. Calculate the remainder when 2 is divided by f.
0
Let a(y) = 2*y**2 - y + 1. Let t be a(1). Suppose 4*w = -3*h + 15, -3*h = t*w - 3*w - 30. What is the remainder when 26 is divided by h?
8
Let c(o) = 3*o - o + 0*o. Let d(z) = -z**2 + 7*z + 11. Let f be d(8). What is the remainder when c(f) is divided by 4?
2
Let u(z) = 2*z**2 - 4*z + 5. Suppose -6*i + 6 = -3*i. Calculate the remainder when 17 is divided by u(i).
2
What is the remainder when 197 is divided by ((-60)/(-8) - 5)*(-20)/(-1)?
47
Let f(h) = -h**3 - h**2 - h + 64. Let s be f(0). Suppose -2*c = -4*g + s, 5*g - c = 7 + 67. Calculate the remainder when 26 is divided by g.
12
Let d(f) = -7*f + 1. Let h(y) be the first derivative of y**3/3 + y**2/2 + 5*y + 2. What is the remainder when d(-7) is divided by h(-4)?
16
Suppose 5*k - 89 - 21 = 0. Let j = 384 - 321. Calculate the remainder when j is divided by k.
19
Suppose 0 = 5*s - 0*s. Let z = s + 2. Let c(w) = w**3 - 13*w**2 - 12*w - 23. Calculate the remainder when c(14) is divided by z.
1
Let p = -3 - -3. Suppose 24 = -p*u + 4*u. Let s = u + 2. What is the remainder when s is divided by 3?
2
Let c(k) = k**2 + 8*k + 9. Suppose z + 7 + 1 = 0. What is the remainder when c(z) is divided by 5?
4
Suppose -2*c = -16 - 12. Suppose -2*d = 2*g - 4*d - 114, 5*g - 283 = 4*d. Calculate the remainder when g is divided by c.
13
Let h be 2/5 + (-52)/(-20). Calculate the remainder when 2 - 3/h - -18 is divided by 7.
5
Let y = 38 - 73. Let w be (-2 + 3)*y*-1. Suppose 0 = 5*a - w - 10. What is the remainder when 26 is divided by a?
8
Let b(l) = -l**3 - 4*l**2 + 5*l + 6. Let n be b(-5). Calculate the remainder when 6 is divided by n/(-27) - 76/(-18).
2
Let i be (6/9 - 2)*-3. Let s be (44/(-8))/((-1)/i). Let j = -4 + s. Calculate the remainder when 69 is divided by j.
15
Let b = 13 - 7. What is the remain